inder when 1101 is divided by 65?
61
Calculate the remainder when 581 is divided by 572.
9
Calculate the remainder when 438 is divided by 198.
42
Calculate the remainder when 2605 is divided by 542.
437
Calculate the remainder when 391 is divided by 27.
13
Calculate the remainder when 8677 is divided by 140.
137
What is the remainder when 1709 is divided by 22?
15
What is the remainder when 414 is divided by 22?
18
What is the remainder when 102 is divided by 22?
14
What is the remainder when 376 is divided by 21?
19
What is the remainder when 165 is divided by 49?
18
What is the remainder when 3109 is divided by 17?
15
What is the remainder when 547 is divided by 31?
20
What is the remainder when 156 is divided by 29?
11
Calculate the remainder when 111 is divided by 33.
12
What is the remainder when 216 is divided by 79?
58
Calculate the remainder when 389 is divided by 26.
25
What is the remainder when 126 is divided by 65?
61
What is the remainder when 22 is divided by 3?
1
What is the remainder when 733 is divided by 32?
29
Calculate the remainder when 53 is divided by 44.
9
What is the remainder when 511 is divided by 32?
31
What is the remainder when 176 is divided by 38?
24
Calculate the remainder when 191 is divided by 15.
11
Calculate the remainder when 2307 is divided by 66.
63
Calculate the remainder when 95 is divided by 11.
7
What is the remainder when 319 is divided by 79?
3
What is the remainder when 256 is divided by 147?
109
Calculate the remainder when 10068 is divided by 106.
104
What is the remainder when 126 is divided by 72?
54
What is the remainder when 147 is divided by 51?
45
Calculate the remainder when 169 is divided by 85.
84
What is the remainder when 507 is divided by 103?
95
Calculate the remainder when 8965 is divided by 183.
181
What is the remainder when 1528 is divided by 381?
4
What is the remainder when 124 is divided by 68?
56
Calculate the remainder when 158 is divided by 19.
6
Calculate the remainder when 180 is divided by 13.
11
Calculate the remainder when 415 is divided by 52.
51
What is the remainder when 7787 is divided by 312?
299
Calculate the remainder when 1963 is divided by 18.
1
Calculate the remainder when 96 is divided by 20.
16
What is the remainder when 2819 is divided by 113?
107
Calculate the remainder when 98 is divided by 20.
18
What is the remainder when 47 is divided by 37?
10
Calculate the remainder when 149 is divided by 22.
17
Calculate the remainder when 97 is divided by 10.
7
What is the remainder when 32 is divided by 21?
11
Calculate the remainder when 371 is divided by 64.
51
What is the remainder when 934 is divided by 24?
22
Calculate the remainder when 417 is divided by 27.
12
Calculate the remainder when 1550 is divided by 238.
122
What is the remainder when 63 is divided by 16?
15
What is the remainder when 49 is divided by 18?
13
What is the remainder when 551 is divided by 79?
77
What is the remainder when 232 is divided by 26?
24
What is the remainder when 795 is divided by 50?
45
What is the remainder when 315 is divided by 103?
6
What is the remainder when 240 is divided by 22?
20
Calculate the remainder when 195 is divided by 60.
15
What is the remainder when 4177 is divided by 835?
2
Calculate the remainder when 856 is divided by 20.
16
Calculate the remainder when 2 is divided by 2.
0
What is the remainder when 5252 is divided by 146?
142
What is the remainder when 197 is divided by 29?
23
What is the remainder when 158 is divided by 46?
20
Calculate the remainder when 154 is divided by 36.
10
What is the remainder when 266 is divided by 63?
14
What is the remainder when 1143 is divided by 104?
103
Calculate the remainder when 449 is divided by 124.
77
What is the remainder when 198 is divided by 198?
0
Calculate the remainder when 710 is divided by 105.
80
What is the remainder when 187 is divided by 38?
35
Calculate the remainder when 847 is divided by 325.
197
What is the remainder when 597 is divided by 15?
12
Calculate the remainder when 101 is divided by 66.
35
Calculate the remainder when 503 is divided by 171.
161
Calculate the remainder when 695 is divided by 50.
45
What is the remainder when 427 is divided by 39?
37
What is the remainder when 282 is divided by 72?
66
Calculate the remainder when 159 is divided by 54.
51
Calculate the remainder when 71 is divided by 39.
32
What is the remainder when 11789 is divided by 44?
41
What is the remainder when 738 is divided by 3?
0
What is the remainder when 669 is divided by 3?
0
What is the remainder when 193 is divided by 7?
4
What is the remainder when 15871 is divided by 8?
7
What is the remainder when 964 is divided by 302?
58
Calculate the remainder when 232 is divided by 18.
16
Calculate the remainder when 645 is divided by 351.
294
What is the remainder when 215 is divided by 10?
5
Calculate the remainder when 4606 is divided by 64.
62
What is the remainder when 2300 is divided by 55?
45
Calculate the remainder when 80 is divided by 38.
4
What is the remainder when 76 is divided by 33?
10
What is the remainder when 958 is divided by 60?
58
Calculate the remainder when 828 is divided by 255.
63
Calculate the remainder when 648 is divided by 197.
57
What is the remainder when 50 is divided by 3?
2
Calculate the remainder when 269 is divided by 139.
130
What is the remainder when 5638 is divided by 120?
118
What is the remainder when 155 is divided by 41?
32
Calculate the remainder when 1010 is divided by 44.
42
Calculate the remainder when 1120 is divided by 293.
241
What is the remainder when 155 is divided by 13?
12
Calculate the remainder when 487 is divided by 7.
4
What is the remainder when 998 is divided by 60?
38
Calculate the remainder when 490 is divided by 41.
39
Calculate the remainder when 1677 is divided by 84.
81
What is the remainder when 93 is divided by 16?
13
What is the remainder when 92 is divided by 31?
30
Calculate the remainder when 220 is divided by 64.
28
Calculate the remainder when 104 is divided by 21.
20
Calculate the remainder when 39118 is divided by 20.
18
What is the remainder when 168 is divided by 25?
18
Calculate the remainder when 5825 is divided by 67.
63
Calculate the remainder when 201 is divided by 68.
65
What is the remainder when 762 is divided by 10?
2
Calculate the remainder when 720 is divided by 103.
102
Calculate the remainder when 1142 is divided by 22.
20
What is the remainder when 375 is divided by 28?
11
What is the remainder when 111 is divided by 9?
3
Calculate the remainder when 474 is divided by 190.
94
Calculate the remainder when 4201 is divided by 5.
1
What is the remainder when 313 is divided by 241?
72
Calculate the remainder when 579 is divided by 29.
28
Calculate the remainder when 99 is divided by 56.
43
Calculate the remainder when 386 is divided by 137.
112
What is the remainder when 183 is divided by 17?
13
Calculate the remainder when 119 is divided by 93.
26
What is the remainder when 8 is divided by 1?
0
Calculate the remainder when 2590 is divided by 643.
18
What is the remainder when 314 is divided by 40?
34
What is the remainder when 13058 is divided by 20?
18
Calculate the remainder when 579 is divided by 23.
4
Calculate the remainder when 82 is divided by 17.
14
What is the remainder when 11156 is divided by 23?
1
Calculate the remainder when 1085 is divided by 348.
41
What is the remainder when 619 is divided by 25?
19
Calculate the remainder when 2615 is divided by 2609.
6
Calculate the remainder when 2750 is divided by 3.
2
What is the remainder when 148 is divided by 42?
22
Calculate the remainder when 299 is divided by 61.
55
What is the remainder when 244 is divided by 233?
11
What is the remainder when 1255 is divided by 18?
13
Calculate the remainder when 820 is divided by 17.
4
What is the remainder when 139 is divided by 10?
9
What is the remainder when 436 is divided by 22?
18
What is the remainder when 64 is divided by 10?
4
Calculate the remainder when 736 is divided by 20.
16
Calculate the remainder when 99 is divided by 79.
20
What is the remainder when 66910 is divided by 204?
202
What is the remainder when 86 is divided by 8?
6
Calculate the remainder when 168 is divided by 43.
39
What is the remainder when 